 19?
8
What is the remainder when 535 is divided by 27?
22
Calculate the remainder when 226 is divided by 95.
36
Calculate the remainder when 362 is divided by 73.
70
Calculate the remainder when 43148 is divided by 50.
48
What is the remainder when 40 is divided by 7?
5
What is the remainder when 2351 is divided by 76?
71
Calculate the remainder when 147 is divided by 81.
66
What is the remainder when 290 is divided by 59?
54
Calculate the remainder when 716 is divided by 24.
20
What is the remainder when 360 is divided by 22?
8
Calculate the remainder when 92 is divided by 22.
4
What is the remainder when 505 is divided by 246?
13
Calculate the remainder when 559 is divided by 35.
34
What is the remainder when 891 is divided by 226?
213
What is the remainder when 117 is divided by 18?
9
What is the remainder when 412 is divided by 14?
6
What is the remainder when 2308 is divided by 329?
5
Calculate the remainder when 2631 is divided by 6.
3
What is the remainder when 892 is divided by 69?
64
Calculate the remainder when 258 is divided by 39.
24
Calculate the remainder when 341 is divided by 131.
79
Calculate the remainder when 145 is divided by 42.
19
What is the remainder when 307 is divided by 44?
43
What is the remainder when 30 is divided by 3?
0
Calculate the remainder when 964 is divided by 37.
2
What is the remainder when 58 is divided by 7?
2
What is the remainder when 708 is divided by 71?
69
Calculate the remainder when 97 is divided by 29.
10
Calculate the remainder when 345 is divided by 25.
20
What is the remainder when 81 is divided by 39?
3
What is the remainder when 3581 is divided by 716?
1
What is the remainder when 94 is divided by 25?
19
Calculate the remainder when 118 is divided by 12.
10
Calculate the remainder when 127 is divided by 22.
17
What is the remainder when 363 is divided by 37?
30
Calculate the remainder when 463 is divided by 18.
13
Calculate the remainder when 13 is divided by 3.
1
Calculate the remainder when 2260 is divided by 73.
70
Calculate the remainder when 626 is divided by 18.
14
Calculate the remainder when 211 is divided by 54.
49
Calculate the remainder when 885 is divided by 143.
27
Calculate the remainder when 269 is divided by 68.
65
What is the remainder when 157 is divided by 25?
7
What is the remainder when 1024 is divided by 167?
22
What is the remainder when 464 is divided by 98?
72
Calculate the remainder when 648 is divided by 31.
28
What is the remainder when 455 is divided by 17?
13
What is the remainder when 3590 is divided by 19?
18
Calculate the remainder when 57 is divided by 31.
26
What is the remainder when 455 is divided by 38?
37
Calculate the remainder when 704 is divided by 101.
98
What is the remainder when 76 is divided by 7?
6
What is the remainder when 301 is divided by 6?
1
What is the remainder when 634 is divided by 29?
25
What is the remainder when 179 is divided by 54?
17
Calculate the remainder when 208 is divided by 35.
33
Calculate the remainder when 266 is divided by 67.
65
Calculate the remainder when 772 is divided by 25.
22
Calculate the remainder when 147 is divided by 50.
47
Calculate the remainder when 253 is divided by 7.
1
What is the remainder when 133 is divided by 9?
7
Calculate the remainder when 18999 is divided by 250.
249
Calculate the remainder when 19 is divided by 1.
0
What is the remainder when 10853 is divided by 17?
7
What is the remainder when 367 is divided by 62?
57
Calculate the remainder when 407 is divided by 9.
2
Calculate the remainder when 550 is divided by 29.
28
What is the remainder when 1960 is divided by 33?
13
Calculate the remainder when 40374 is divided by 85.
84
Calculate the remainder when 118 is divided by 27.
10
Calculate the remainder when 426 is divided by 368.
58
What is the remainder when 468 is divided by 118?
114
What is the remainder when 109 is divided by 82?
27
What is the remainder when 30 is divided by 26?
4
Calculate the remainder when 259 is divided by 39.
25
Calculate the remainder when 142 is divided by 21.
16
What is the remainder when 191 is divided by 168?
23
Calculate the remainder when 274 is divided by 15.
4
Calculate the remainder when 137 is divided by 31.
13
What is the remainder when 1208 is divided by 1182?
26
Calculate the remainder when 359 is divided by 8.
7
What is the remainder when 1670 is divided by 47?
25
Calculate the remainder when 129 is divided by 76.
53
Calculate the remainder when 1804 is divided by 19.
18
Calculate the remainder when 181 is divided by 154.
27
What is the remainder when 972 is divided by 6?
0
Calculate the remainder when 595 is divided by 100.
95
Calculate the remainder when 229 is divided by 22.
9
Calculate the remainder when 6118 is divided by 72.
70
Calculate the remainder when 801 is divided by 97.
25
What is the remainder when 47 is divided by 12?
11
Calculate the remainder when 610 is divided by 81.
43
What is the remainder when 82 is divided by 82?
0
What is the remainder when 2560 is divided by 17?
10
Calculate the remainder when 5509 is divided by 52.
49
Calculate the remainder when 564 is divided by 98.
74
What is the remainder when 1099 is divided by 80?
59
Calculate the remainder when 742 is divided by 111.
76
Calculate the remainder when 308 is divided by 15.
8
What is the remainder when 854 is divided by 143?
139
What is the remainder when 237 is divided by 73?
18
Calculate the remainder when 62 is divided by 13.
10
What is the remainder when 163 is divided by 20?
3
What is the remainder when 4004 is divided by 191?
184
What is the remainder when 433 is divided by 87?
85
What is the remainder when 1854 is divided by 64?
62
What is the remainder when 1598 is divided by 20?
18
Calculate the remainder when 4242 is divided by 18.
12
What is the remainder when 111 is divided by 70?
41
Calculate the remainder when 526 is divided by 17.
16
What is the remainder when 9 is divided by 3?
0
Calculate the remainder when 66 is divided by 58.
8
What is the remainder when 5977 is divided by 98?
97
Calculate the remainder when 349 is divided by 329.
20
What is the remainder when 2249 is divided by 16?
9
What is the remainder when 73 is divided by 40?
33
Calculate the remainder when 4001 is divided by 84.
53
What is the remainder when 244 is divided by 143?
101
What is the remainder when 3427 is divided by 98?
95
What is the remainder when 674 is divided by 30?
14
Calculate the remainder when 125 is divided by 68.
57
Calculate the remainder when 398 is divided by 19.
18
Calculate the remainder when 685 is divided by 17.
5
Calculate the remainder when 20 is divided by 11.
9
What is the remainder when 2120 is divided by 527?
12
What is the remainder when 4694 is divided by 3?
2
Calculate the remainder when 2700 is divided by 73.
72
Calculate the remainder when 2195 is divided by 61.
60
What is the remainder when 4946 is divided by 110?
106
Calculate the remainder when 96 is divided by 88.
8
Calculate the remainder when 7233 is divided by 18.
15
Calculate the remainder when 1417 is divided by 187.
108
Calculate the remainder when 206 is divided by 64.
14
Calculate the remainder when 1376 is divided by 198.
188
What is the remainder when 462 is divided by 160?
142
Calculate the remainder when 2095 is divided by 9.
7
What is the remainder when 22 is divided by 6?
4
Calculate the remainder when 460 is divided by 152.
4
Calculate the remainder when 1177 is divided by 46.
27
What is the remainder when 800 is divided by 373?
54
What is the remainder when 32 is divided by 12?
8
Calculate the remainder when 3254 is divided by 20.
14
What is the remainder when 389 is divided by 13?
12
What is the remainder when 1493 is divided by 26?
11
Calculate the remainder when 249 is divided by 122.
5
What is the remainder when 319 is divided by 160?
159
What is the remainder when 70 is divided by 5?
0
Calculate the remainder when 2181 is divided by 27.
21
What is the remainder when 2781 is divided by 87?
84
What is the remainder when 39 is divided by 10?
9
What is the remainder when 810 is divided by 34?
28
What is the remainder when 1061 is divided by 89?
82
Calculate the remainder when 1040 is divided by 167.
38
Calculate the remainder when 121 is divided by 64.
57
Calculate the re